{"id":1363,"date":"2023-07-17T09:30:42","date_gmt":"2023-07-17T13:30:42","guid":{"rendered":"https:\/\/marcelviau.net\/?page_id=1363"},"modified":"2025-07-09T12:52:17","modified_gmt":"2025-07-09T16:52:17","slug":"bracelet-rouge","status":"publish","type":"page","link":"https:\/\/marcelviau.net\/?page_id=1363","title":{"rendered":"Bracelet rouge"},"content":{"rendered":"\n<h2 class=\"wp-block-heading has-text-align-center\">L&rsquo;HOMME AU BRACELET ROUGE. Recueil de nouvelles (2016)<\/h2>\n\n\n\n<div class=\"wp-block-media-text alignwide is-stacked-on-mobile\" style=\"grid-template-columns:34% auto\"><figure class=\"wp-block-media-text__media\"><img loading=\"lazy\" decoding=\"async\" width=\"612\" height=\"792\" src=\"https:\/\/marcelviau.live-website.com\/wp-content\/uploads\/2020\/10\/lhomme.png\" alt=\"\" class=\"wp-image-121 size-full\" srcset=\"https:\/\/marcelviau.net\/wp-content\/uploads\/2020\/10\/lhomme.png 612w, https:\/\/marcelviau.net\/wp-content\/uploads\/2020\/10\/lhomme-232x300.png 232w\" sizes=\"auto, (max-width: 612px) 100vw, 612px\" \/><\/figure><div class=\"wp-block-media-text__content\">\n<p><em>Qui n\u2019a jamais ressenti un jour cette impression qu&rsquo;\u2009il y a s\u00fbrement autre chose que notre petit monde?. Cette chose nous semble une r\u00e9alit\u00e9 bien inaccessible toutefois. Les nouvelles pr\u00e9sent\u00e9es dans cet ouvrage traitent tous, d\u2019une fa\u00e7on ou d\u2019une autre, de nos tentatives d\u2019atteindre une chose si furtive.<\/em><\/p>\n\n\n\n<h5 class=\"wp-block-heading\">Disponible chez<mark style=\"background-color:rgba(0, 0, 0, 0)\" class=\"has-inline-color has-accent-color\"> <\/mark><em><span style=\"text-decoration: underline;\"><mark style=\"background-color:rgba(0, 0, 0, 0)\" class=\"has-inline-color has-black-color\">Lulu<\/mark><\/span><\/em> (<a href=\"https:\/\/www.lulu.com\/shop\/marcel-viau\/lhomme-au-bracelet-rouge-nouvelles\/ebook\/product-1ngj7ddj.html?q=l%27homme+au+bracelet+rouge&amp;page=1&amp;pageSize=4\" data-type=\"URL\" data-id=\"https:\/\/www.lulu.com\/shop\/marcel-viau\/lhomme-au-bracelet-rouge-nouvelles\/ebook\/product-1ngj7ddj.html?q=l%27homme+au+bracelet+rouge&amp;page=1&amp;pageSize=4\">ePub<\/a> et <a href=\"https:\/\/www.lulu.com\/shop\/marcel-viau\/lhomme-au-bracelet-rouge-nouvelles\/paperback\/product-1ngmk6qz.html?q=l%27homme+au+bracelet+rouge&amp;page=1&amp;pageSize=4\" data-type=\"URL\" data-id=\"https:\/\/www.lulu.com\/shop\/marcel-viau\/lhomme-au-bracelet-rouge-nouvelles\/paperback\/product-1ngmk6qz.html?q=l%27homme+au+bracelet+rouge&amp;page=1&amp;pageSize=4\">papier<\/a>), <span style=\"text-decoration: underline;\">Iggybook<\/span>&nbsp;(<a href=\"https:\/\/marcel-viau.iggybook.com\/fr\/l-homme-au-bracelet-rouge\/\" data-type=\"URL\" data-id=\"https:\/\/marcel-viau.iggybook.com\/fr\/l-homme-au-bracelet-rouge\/\"> ePub<\/a>), <span style=\"text-decoration: underline;\">Amazon.ca<\/span> (<a href=\"https:\/\/www.amazon.ca\/LHomme-Au-Bracelet-Rouge-Nouvelles\/dp\/2981570102\/ref=sr_1_1?ie=UTF8&amp;qid=1470147249&amp;sr=8-1&amp;keywords=Marcel+Viau\" data-type=\"URL\" data-id=\"https:\/\/www.amazon.ca\/LHomme-Au-Bracelet-Rouge-Nouvelles\/dp\/2981570102\/ref=sr_1_1?ie=UTF8&amp;qid=1470147249&amp;sr=8-1&amp;keywords=Marcel+Viau\">papier<\/a>), <span style=\"text-decoration: underline;\">Amazon.fr<\/span> (<a href=\"https:\/\/www.amazon.fr\/Lhomme-au-bracelet-rouge-Nouvelles\/dp\/2981570102\/ref=sr_1_1?__mk_fr_FR=\u00c5M\u00c5\u017d\u00d5\u00d1&amp;crid=AZ8NBGRC9EXG&amp;keywords=l%27homme+au+bracelet+rouge&amp;qid=1689601706&amp;sprefix=l%27homme+au+bracelet+rouge%2Caps%2C158&amp;sr=8-1\" data-type=\"URL\" data-id=\"https:\/\/www.amazon.fr\/Lhomme-au-bracelet-rouge-Nouvelles\/dp\/2981570102\/ref=sr_1_1?__mk_fr_FR=\u00c5M\u00c5\u017d\u00d5\u00d1&amp;crid=AZ8NBGRC9EXG&amp;keywords=l%27homme+au+bracelet+rouge&amp;qid=1689601706&amp;sprefix=l%27homme+au+bracelet+rouge%2Caps%2C158&amp;sr=8-1\">papier<\/a>), <span style=\"text-decoration: underline;\">Gallimard<\/span> (<a href=\"https:\/\/www.librairie-gallimard.com\/livre\/9782981570109-l-homme-au-bracelet-rouge-nouvelles-marcel-viau\/\" data-type=\"URL\" data-id=\"https:\/\/www.librairie-gallimard.com\/livre\/9782981570109-l-homme-au-bracelet-rouge-nouvelles-marcel-viau\/\">papier<\/a>)<\/h5>\n<\/div><\/div>\n","protected":false},"excerpt":{"rendered":"<p>L&rsquo;HOMME AU BRACELET ROUGE. Recueil de nouvelles (2016) Qui n\u2019a jamais ressenti un jour cette impression qu&rsquo;\u2009il y a s\u00fbrement autre chose que notre petit monde?. Cette chose nous semble une r\u00e9alit\u00e9 bien inaccessible toutefois. Les nouvelles pr\u00e9sent\u00e9es dans cet ouvrage traitent tous, d\u2019une fa\u00e7on ou d\u2019une autre, de nos tentatives d\u2019atteindre une chose si &#8230; <a title=\"Bracelet rouge\" class=\"read-more\" href=\"https:\/\/marcelviau.net\/?page_id=1363\" aria-label=\"En savoir plus sur Bracelet rouge\">Lire la suite<\/a><\/p>\n","protected":false},"author":1,"featured_media":0,"parent":0,"menu_order":0,"comment_status":"closed","ping_status":"closed","template":"","meta":{"footnotes":""},"class_list":["post-1363","page","type-page","status-publish"],"yoast_head":"<!-- This site is optimized with the Yoast SEO plugin v27.4 - https:\/\/yoast.com\/product\/yoast-seo-wordpress\/ -->\n<title>Bracelet rouge - Les Enqu\u00eates de Silas Robinson<\/title>\n<meta name=\"robots\" content=\"index, follow, max-snippet:-1, max-image-preview:large, max-video-preview:-1\" \/>\n<link rel=\"canonical\" href=\"https:\/\/marcelviau.net\/?page_id=1363\" \/>\n<meta property=\"og:locale\" content=\"fr_FR\" \/>\n<meta property=\"og:type\" content=\"article\" \/>\n<meta property=\"og:title\" content=\"Bracelet rouge - Les Enqu\u00eates de Silas Robinson\" \/>\n<meta property=\"og:description\" content=\"L&rsquo;HOMME AU BRACELET ROUGE. Recueil de nouvelles (2016) Qui n\u2019a jamais ressenti un jour cette impression qu&rsquo;\u2009il y a s\u00fbrement autre chose que notre petit monde?. Cette chose nous semble une r\u00e9alit\u00e9 bien inaccessible toutefois. Les nouvelles pr\u00e9sent\u00e9es dans cet ouvrage traitent tous, d\u2019une fa\u00e7on ou d\u2019une autre, de nos tentatives d\u2019atteindre une chose si ... Lire la suite\" \/>\n<meta property=\"og:url\" content=\"https:\/\/marcelviau.net\/?page_id=1363\" \/>\n<meta property=\"og:site_name\" content=\"Les Enqu\u00eates de Silas Robinson\" \/>\n<meta property=\"article:modified_time\" content=\"2025-07-09T16:52:17+00:00\" \/>\n<meta property=\"og:image\" content=\"https:\/\/marcelviau.live-website.com\/wp-content\/uploads\/2020\/10\/lhomme.png\" \/>\n<meta name=\"twitter:card\" content=\"summary_large_image\" \/>\n<script type=\"application\/ld+json\" class=\"yoast-schema-graph\">{\"@context\":\"https:\\\/\\\/schema.org\",\"@graph\":[{\"@type\":\"WebPage\",\"@id\":\"https:\\\/\\\/marcelviau.net\\\/?page_id=1363\",\"url\":\"https:\\\/\\\/marcelviau.net\\\/?page_id=1363\",\"name\":\"Bracelet rouge - Les Enqu\u00eates de Silas Robinson\",\"isPartOf\":{\"@id\":\"https:\\\/\\\/marcelviau.net\\\/#website\"},\"primaryImageOfPage\":{\"@id\":\"https:\\\/\\\/marcelviau.net\\\/?page_id=1363#primaryimage\"},\"image\":{\"@id\":\"https:\\\/\\\/marcelviau.net\\\/?page_id=1363#primaryimage\"},\"thumbnailUrl\":\"https:\\\/\\\/marcelviau.live-website.com\\\/wp-content\\\/uploads\\\/2020\\\/10\\\/lhomme.png\",\"datePublished\":\"2023-07-17T13:30:42+00:00\",\"dateModified\":\"2025-07-09T16:52:17+00:00\",\"breadcrumb\":{\"@id\":\"https:\\\/\\\/marcelviau.net\\\/?page_id=1363#breadcrumb\"},\"inLanguage\":\"fr-FR\",\"potentialAction\":[{\"@type\":\"ReadAction\",\"target\":[\"https:\\\/\\\/marcelviau.net\\\/?page_id=1363\"]}]},{\"@type\":\"ImageObject\",\"inLanguage\":\"fr-FR\",\"@id\":\"https:\\\/\\\/marcelviau.net\\\/?page_id=1363#primaryimage\",\"url\":\"https:\\\/\\\/marcelviau.live-website.com\\\/wp-content\\\/uploads\\\/2020\\\/10\\\/lhomme.png\",\"contentUrl\":\"https:\\\/\\\/marcelviau.live-website.com\\\/wp-content\\\/uploads\\\/2020\\\/10\\\/lhomme.png\"},{\"@type\":\"BreadcrumbList\",\"@id\":\"https:\\\/\\\/marcelviau.net\\\/?page_id=1363#breadcrumb\",\"itemListElement\":[{\"@type\":\"ListItem\",\"position\":1,\"name\":\"Accueil\",\"item\":\"https:\\\/\\\/marcelviau.net\\\/\"},{\"@type\":\"ListItem\",\"position\":2,\"name\":\"Bracelet rouge\"}]},{\"@type\":\"WebSite\",\"@id\":\"https:\\\/\\\/marcelviau.net\\\/#website\",\"url\":\"https:\\\/\\\/marcelviau.net\\\/\",\"name\":\"Les Enqu\u00eates de Silas Robinson\",\"description\":\"Romans policiers historiques par Marcel Viau\",\"publisher\":{\"@id\":\"https:\\\/\\\/marcelviau.net\\\/#\\\/schema\\\/person\\\/1606b12bb3273c47bb44adc6fbb4de84\"},\"potentialAction\":[{\"@type\":\"SearchAction\",\"target\":{\"@type\":\"EntryPoint\",\"urlTemplate\":\"https:\\\/\\\/marcelviau.net\\\/?s={search_term_string}\"},\"query-input\":{\"@type\":\"PropertyValueSpecification\",\"valueRequired\":true,\"valueName\":\"search_term_string\"}}],\"inLanguage\":\"fr-FR\"},{\"@type\":[\"Person\",\"Organization\"],\"@id\":\"https:\\\/\\\/marcelviau.net\\\/#\\\/schema\\\/person\\\/1606b12bb3273c47bb44adc6fbb4de84\",\"name\":\"Marcel Viau\",\"image\":{\"@type\":\"ImageObject\",\"inLanguage\":\"fr-FR\",\"@id\":\"https:\\\/\\\/marcelviau.net\\\/wp-content\\\/uploads\\\/2025\\\/07\\\/Viau-2025-scaled.jpg\",\"url\":\"https:\\\/\\\/marcelviau.net\\\/wp-content\\\/uploads\\\/2025\\\/07\\\/Viau-2025-scaled.jpg\",\"contentUrl\":\"https:\\\/\\\/marcelviau.net\\\/wp-content\\\/uploads\\\/2025\\\/07\\\/Viau-2025-scaled.jpg\",\"width\":1920,\"height\":2560,\"caption\":\"Marcel Viau\"},\"logo\":{\"@id\":\"https:\\\/\\\/marcelviau.net\\\/wp-content\\\/uploads\\\/2025\\\/07\\\/Viau-2025-scaled.jpg\"},\"sameAs\":[\"https:\\\/\\\/marcelviau.net\"]}]}<\/script>\n<!-- \/ Yoast SEO plugin. -->","yoast_head_json":{"title":"Bracelet rouge - Les Enqu\u00eates de Silas Robinson","robots":{"index":"index","follow":"follow","max-snippet":"max-snippet:-1","max-image-preview":"max-image-preview:large","max-video-preview":"max-video-preview:-1"},"canonical":"https:\/\/marcelviau.net\/?page_id=1363","og_locale":"fr_FR","og_type":"article","og_title":"Bracelet rouge - Les Enqu\u00eates de Silas Robinson","og_description":"L&rsquo;HOMME AU BRACELET ROUGE. Recueil de nouvelles (2016) Qui n\u2019a jamais ressenti un jour cette impression qu&rsquo;\u2009il y a s\u00fbrement autre chose que notre petit monde?. Cette chose nous semble une r\u00e9alit\u00e9 bien inaccessible toutefois. Les nouvelles pr\u00e9sent\u00e9es dans cet ouvrage traitent tous, d\u2019une fa\u00e7on ou d\u2019une autre, de nos tentatives d\u2019atteindre une chose si ... Lire la suite","og_url":"https:\/\/marcelviau.net\/?page_id=1363","og_site_name":"Les Enqu\u00eates de Silas Robinson","article_modified_time":"2025-07-09T16:52:17+00:00","og_image":[{"url":"https:\/\/marcelviau.live-website.com\/wp-content\/uploads\/2020\/10\/lhomme.png","type":"","width":"","height":""}],"twitter_card":"summary_large_image","schema":{"@context":"https:\/\/schema.org","@graph":[{"@type":"WebPage","@id":"https:\/\/marcelviau.net\/?page_id=1363","url":"https:\/\/marcelviau.net\/?page_id=1363","name":"Bracelet rouge - Les Enqu\u00eates de Silas Robinson","isPartOf":{"@id":"https:\/\/marcelviau.net\/#website"},"primaryImageOfPage":{"@id":"https:\/\/marcelviau.net\/?page_id=1363#primaryimage"},"image":{"@id":"https:\/\/marcelviau.net\/?page_id=1363#primaryimage"},"thumbnailUrl":"https:\/\/marcelviau.live-website.com\/wp-content\/uploads\/2020\/10\/lhomme.png","datePublished":"2023-07-17T13:30:42+00:00","dateModified":"2025-07-09T16:52:17+00:00","breadcrumb":{"@id":"https:\/\/marcelviau.net\/?page_id=1363#breadcrumb"},"inLanguage":"fr-FR","potentialAction":[{"@type":"ReadAction","target":["https:\/\/marcelviau.net\/?page_id=1363"]}]},{"@type":"ImageObject","inLanguage":"fr-FR","@id":"https:\/\/marcelviau.net\/?page_id=1363#primaryimage","url":"https:\/\/marcelviau.live-website.com\/wp-content\/uploads\/2020\/10\/lhomme.png","contentUrl":"https:\/\/marcelviau.live-website.com\/wp-content\/uploads\/2020\/10\/lhomme.png"},{"@type":"BreadcrumbList","@id":"https:\/\/marcelviau.net\/?page_id=1363#breadcrumb","itemListElement":[{"@type":"ListItem","position":1,"name":"Accueil","item":"https:\/\/marcelviau.net\/"},{"@type":"ListItem","position":2,"name":"Bracelet rouge"}]},{"@type":"WebSite","@id":"https:\/\/marcelviau.net\/#website","url":"https:\/\/marcelviau.net\/","name":"Les Enqu\u00eates de Silas Robinson","description":"Romans policiers historiques par Marcel Viau","publisher":{"@id":"https:\/\/marcelviau.net\/#\/schema\/person\/1606b12bb3273c47bb44adc6fbb4de84"},"potentialAction":[{"@type":"SearchAction","target":{"@type":"EntryPoint","urlTemplate":"https:\/\/marcelviau.net\/?s={search_term_string}"},"query-input":{"@type":"PropertyValueSpecification","valueRequired":true,"valueName":"search_term_string"}}],"inLanguage":"fr-FR"},{"@type":["Person","Organization"],"@id":"https:\/\/marcelviau.net\/#\/schema\/person\/1606b12bb3273c47bb44adc6fbb4de84","name":"Marcel Viau","image":{"@type":"ImageObject","inLanguage":"fr-FR","@id":"https:\/\/marcelviau.net\/wp-content\/uploads\/2025\/07\/Viau-2025-scaled.jpg","url":"https:\/\/marcelviau.net\/wp-content\/uploads\/2025\/07\/Viau-2025-scaled.jpg","contentUrl":"https:\/\/marcelviau.net\/wp-content\/uploads\/2025\/07\/Viau-2025-scaled.jpg","width":1920,"height":2560,"caption":"Marcel Viau"},"logo":{"@id":"https:\/\/marcelviau.net\/wp-content\/uploads\/2025\/07\/Viau-2025-scaled.jpg"},"sameAs":["https:\/\/marcelviau.net"]}]}},"jetpack-related-posts":[{"id":2576,"url":"https:\/\/marcelviau.net\/?page_id=2576","url_meta":{"origin":1363,"position":0},"title":"Bracelet rouge (2)","author":"Marcel Viau","date":"14 juillet 2025","format":false,"excerpt":"L'homme au bracelet rouge - Marcel Viau L'homme au bracelet rouge. Recueil de nouvelles (2016) Qui n'a jamais ressenti un jour cette impression qu'il y a s\u00fbrement autre chose que notre petit monde ? Cette chose nous semble une r\u00e9alit\u00e9 bien inaccessible toutefois. Les nouvelles pr\u00e9sent\u00e9es dans cet ouvrage traitent\u2026","rel":"","context":"Article similaire","block_context":{"text":"Article similaire","link":""},"img":{"alt_text":"","src":"https:\/\/i0.wp.com\/marcelviau.net\/wp-content\/uploads\/2020\/10\/lhomme.png?resize=350%2C200&ssl=1","width":350,"height":200,"srcset":"https:\/\/i0.wp.com\/marcelviau.net\/wp-content\/uploads\/2020\/10\/lhomme.png?resize=350%2C200&ssl=1 1x, https:\/\/i0.wp.com\/marcelviau.net\/wp-content\/uploads\/2020\/10\/lhomme.png?resize=525%2C300&ssl=1 1.5x"},"classes":[]},{"id":1309,"url":"https:\/\/marcelviau.net\/?page_id=1309","url_meta":{"origin":1363,"position":1},"title":"Livres de Marcel Viau (2)","author":"Marcel Viau","date":"15 juillet 2023","format":false,"excerpt":"Les oeuvres de fiction de Marcel Viau sont disponibles dans plusieurs libraires au Canada et en Europe Cliquez sur le titre pour avoir des d\u00e9tails. Les enqu\u00eates de Silas Robinson Turbulence dans Griffintown (2025) La morte du faubourg Saint-Louis (2024) Meurtre \u00e0 la caserne des J\u00e9suites (2023) Un pont sur\u2026","rel":"","context":"Article similaire","block_context":{"text":"Article similaire","link":""},"img":{"alt_text":"","src":"","width":0,"height":0},"classes":[]},{"id":1396,"url":"https:\/\/marcelviau.net\/?page_id=1396","url_meta":{"origin":1363,"position":2},"title":"Br\u00e9beuf","author":"Marcel Viau","date":"17 juillet 2023","format":false,"excerpt":"BR\u00c9BEUF. Th\u00e9\u00e2tre op\u00e9ratique (2016) Il serait facile de r\u00e9duire le sujet de cette pi\u00e8ce de th\u00e9\u00e2tre \u00e0 un seul th\u00e8me : le martyre. Or, ce mot aujourd'hui si galvaud\u00e9 \u2014 et si effrayant \u2014 a pourtant une signification tout autre que celle dont on a bien voulu parfois l\u2019affubler. Pourtant,\u2026","rel":"","context":"Article similaire","block_context":{"text":"Article similaire","link":""},"img":{"alt_text":"","src":"https:\/\/i0.wp.com\/marcelviau.net\/wp-content\/uploads\/2020\/10\/Brebeuf-3.jpg?resize=350%2C200&ssl=1","width":350,"height":200},"classes":[]},{"id":1338,"url":"https:\/\/marcelviau.net\/?page_id=1338","url_meta":{"origin":1363,"position":3},"title":"Une orchid\u00e9e&#8230;","author":"Marcel Viau","date":"17 juillet 2023","format":false,"excerpt":"UNE ORCHID\u00c9E DANS LE JARDIN D'HIVER (2019) \u00abIl avait l\u2019air de voler comme un grand oiseau\u2009\u00bb.\u00a0L\u2019univers autour de Peggy a commenc\u00e9 \u00e0 changer \u00e0 partir de cette phrase entendue lors d\u2019une conversation entre sa m\u00e8re et sa tante. Peggy a l\u2019\u00e2ge mental d\u2019une enfant de six ans, m\u00eame si elle\u2026","rel":"","context":"Article similaire","block_context":{"text":"Article similaire","link":""},"img":{"alt_text":"","src":"https:\/\/i0.wp.com\/marcelviau.net\/wp-content\/uploads\/2020\/10\/Orchidee.jpg?resize=350%2C200&ssl=1","width":350,"height":200},"classes":[]},{"id":2041,"url":"https:\/\/marcelviau.net\/?page_id=2041","url_meta":{"origin":1363,"position":4},"title":"Accueil (Griffintown)","author":"Marcel Viau","date":"7 janvier 2025","format":false,"excerpt":"Turbulences dans Griffintown Une nouvelle enqu\u00eate de Silas Robinson LE SEPTI\u00c8ME POLAR DE MARCEL VIAU En 1865, un cadavre a \u00e9t\u00e9 d\u00e9couvert le lendemain de la f\u00eate de Saint-Patrick dans le quartier irlandais de Griffintown \u00e0 Montr\u00e9al. Silas Robinson m\u00e8ne l'enqu\u00eate, aid\u00e9 par sa nouvelle collaboratrice, Miss Dupuis. De prime\u2026","rel":"","context":"Article similaire","block_context":{"text":"Article similaire","link":""},"img":{"alt_text":"","src":"https:\/\/i0.wp.com\/marcelviau.net\/wp-content\/uploads\/2025\/01\/IA-Couverture.jpg?resize=350%2C200&ssl=1","width":350,"height":200,"srcset":"https:\/\/i0.wp.com\/marcelviau.net\/wp-content\/uploads\/2025\/01\/IA-Couverture.jpg?resize=350%2C200&ssl=1 1x, https:\/\/i0.wp.com\/marcelviau.net\/wp-content\/uploads\/2025\/01\/IA-Couverture.jpg?resize=525%2C300&ssl=1 1.5x, https:\/\/i0.wp.com\/marcelviau.net\/wp-content\/uploads\/2025\/01\/IA-Couverture.jpg?resize=700%2C400&ssl=1 2x"},"classes":[]},{"id":2572,"url":"https:\/\/marcelviau.net\/?page_id=2572","url_meta":{"origin":1363,"position":5},"title":"Br\u00e9beuf (2)","author":"Marcel Viau","date":"14 juillet 2025","format":false,"excerpt":"Br\u00e9beuf. Th\u00e9\u00e2tre op\u00e9ratique - Marcel Viau Br\u00e9beuf. Th\u00e9\u00e2tre op\u00e9ratique (2016) Il serait facile de r\u00e9duire le sujet de cette pi\u00e8ce de th\u00e9\u00e2tre \u00e0 un seul th\u00e8me : le martyre. Or, ce mot aujourd'hui si galvaud\u00e9 \u2014 et si effrayant \u2014 a pourtant une signification tout autre que celle dont on\u2026","rel":"","context":"Article similaire","block_context":{"text":"Article similaire","link":""},"img":{"alt_text":"","src":"https:\/\/i0.wp.com\/marcelviau.net\/wp-content\/uploads\/2020\/10\/Brebeuf-3.jpg?resize=350%2C200&ssl=1","width":350,"height":200},"classes":[]}],"jetpack_sharing_enabled":true,"_links":{"self":[{"href":"https:\/\/marcelviau.net\/index.php?rest_route=\/wp\/v2\/pages\/1363","targetHints":{"allow":["GET"]}}],"collection":[{"href":"https:\/\/marcelviau.net\/index.php?rest_route=\/wp\/v2\/pages"}],"about":[{"href":"https:\/\/marcelviau.net\/index.php?rest_route=\/wp\/v2\/types\/page"}],"author":[{"embeddable":true,"href":"https:\/\/marcelviau.net\/index.php?rest_route=\/wp\/v2\/users\/1"}],"replies":[{"embeddable":true,"href":"https:\/\/marcelviau.net\/index.php?rest_route=%2Fwp%2Fv2%2Fcomments&post=1363"}],"version-history":[{"count":9,"href":"https:\/\/marcelviau.net\/index.php?rest_route=\/wp\/v2\/pages\/1363\/revisions"}],"predecessor-version":[{"id":2578,"href":"https:\/\/marcelviau.net\/index.php?rest_route=\/wp\/v2\/pages\/1363\/revisions\/2578"}],"wp:attachment":[{"href":"https:\/\/marcelviau.net\/index.php?rest_route=%2Fwp%2Fv2%2Fmedia&parent=1363"}],"curies":[{"name":"wp","href":"https:\/\/api.w.org\/{rel}","templated":true}]}}