{"id":2553,"date":"2025-07-09T09:05:01","date_gmt":"2025-07-09T13:05:01","guid":{"rendered":"https:\/\/marcelviau.net\/?page_id=2553"},"modified":"2025-07-13T08:03:40","modified_gmt":"2025-07-13T12:03:40","slug":"qui-est-silas-robinson-2","status":"publish","type":"page","link":"https:\/\/marcelviau.net\/?page_id=2553","title":{"rendered":"Qui est Silas"},"content":{"rendered":"<div class=\"wp-block-image\">\n<figure class=\"aligncenter size-full is-resized\"><img loading=\"lazy\" decoding=\"async\" width=\"757\" height=\"1024\" src=\"https:\/\/marcelviau.net\/wp-content\/uploads\/2024\/03\/portrait_silas4-757x1024-2.jpg\" alt=\"\" class=\"wp-image-1723\" style=\"width:411px;height:auto\" srcset=\"https:\/\/marcelviau.net\/wp-content\/uploads\/2024\/03\/portrait_silas4-757x1024-2.jpg 757w, https:\/\/marcelviau.net\/wp-content\/uploads\/2024\/03\/portrait_silas4-757x1024-2-222x300.jpg 222w\" sizes=\"auto, (max-width: 757px) 100vw, 757px\" \/><\/figure>\n<\/div>\n<!-- \/wp:post-content -->\n<!-- \/wp:paragraph -->\n\n\n<!-- wp:separator -->\n<hr class=\"wp-block-separator has-alpha-channel-opacity\"\/>\n<!-- \/wp:separator -->\n\n\n<!-- wp:paragraph {\"fontSize\":\"medium\"} -->\n<p class=\"has-medium-font-size\">Imaginez un homme de&nbsp;1m85, imposant sans \u00eatre intimidant, qui arpente les rues de Montr\u00e9al au milieu du XIXe si\u00e8cle avec son \u00e9ternel&nbsp;chapeau melon&nbsp;et sa moustache en guidon de v\u00e9lo soigneusement cir\u00e9e. Silas Robinson n&rsquo;est pas un d\u00e9tective ordinaire. Premier chef du bureau des d\u00e9tectives de Montr\u00e9al, il applique des m\u00e9thodes \u00e9tonnamment modernes dans un monde encore balbutiant.<\/p>\n<!-- \/wp:paragraph -->\n\n<!-- wp:paragraph {\"fontSize\":\"medium\"} -->\n<p class=\"has-medium-font-size\">N\u00e9 \u00e0&nbsp;Londres en 1815, cet homme au regard inquisiteur et au temp\u00e9rament taciturne cache derri\u00e8re sa r\u00e9serve naturelle une histoire qui explique sa venue au Canada et sa passion pour la justice.<\/p>\n<!-- \/wp:paragraph -->\n\n<!-- wp:paragraph {\"fontSize\":\"medium\"} -->\n<p class=\"has-medium-font-size\"><strong>Les cicatrices irlandaises<\/strong><\/p>\n<!-- \/wp:paragraph -->\n\n<!-- wp:paragraph {\"fontSize\":\"medium\"} -->\n<p class=\"has-medium-font-size\">De six \u00e0 seize ans, Silas a v\u00e9cu en&nbsp;Irlande, o\u00f9 son p\u00e8re pasteur anglican officiait \u00e0 Limerick. C&rsquo;est l\u00e0 qu&rsquo;il a appris le ga\u00e9lique, d\u00e9velopp\u00e9 son empathie pour les opprim\u00e9s, et connu son premier amour avec Deirdre Reily, une catholique dont le souvenir ne l&rsquo;a jamais quitt\u00e9.<\/p>\n<!-- \/wp:paragraph -->\n\n<!-- wp:paragraph {\"fontSize\":\"medium\"} -->\n<p class=\"has-medium-font-size\">Quand sa m\u00e8re meurt en 1831, la famille retourne \u00e0 Londres. Silas doit abandonner Deirdre, mais ils se promettent fid\u00e9lit\u00e9. Pendant trois ans, \u00e0 Oxford o\u00f9 il \u00e9tudie la th\u00e9ologie, il lui \u00e9crit religieusement. Puis plus rien. Elle dispara\u00eet de sa vie comme un fant\u00f4me. Pour la chercher, il d\u00e9cide de r\u00e9orienter sa carri\u00e8re et d&rsquo;entrer dans la police.<\/p>\n<!-- \/wp:paragraph -->\n\n<!-- wp:paragraph {\"fontSize\":\"medium\"} -->\n<p class=\"has-medium-font-size\"><strong>Les d\u00e9sillusions de Scotland Yard<\/strong><\/p>\n<!-- \/wp:paragraph -->\n\n<!-- wp:paragraph {\"fontSize\":\"medium\"} -->\n<p class=\"has-medium-font-size\">Silas entre dans la nouvelle<em>&nbsp;London Metropolitan Police<\/em>&nbsp;(Scotland Yard) en 1835. Il y apprend les m\u00e9thodes polici\u00e8res modernes, mais d\u00e9couvre aussi les aspects les plus sombres de la r\u00e9pression.<\/p>\n<!-- \/wp:paragraph -->\n\n<!-- wp:paragraph {\"fontSize\":\"medium\"} -->\n<p class=\"has-medium-font-size\">Le point de rupture arrive en 1844 lors de la r\u00e9pression des chartistes. Voir mourir dans ses bras une femme et son enfant le d\u00e9go\u00fbte d\u00e9finitivement. \u00c0 29 ans, ayant perdu ses parents et incapable de retrouver Deirdre, Robinson fait ses valises pour le Canada.<\/p>\n<!-- \/wp:paragraph -->\n\n<!-- wp:paragraph {\"fontSize\":\"medium\"} -->\n<p class=\"has-medium-font-size\"><strong>Renaissance montr\u00e9alaise<\/strong><\/p>\n<!-- \/wp:paragraph -->\n\n<!-- wp:paragraph {\"fontSize\":\"medium\"} -->\n<p class=\"has-medium-font-size\">En 1844, Silas Robinson ouvre un bureau de d\u00e9tective priv\u00e9 \u00e0 Montr\u00e9al. Ses m\u00e9thodes impressionnent : collecte syst\u00e9matique d&rsquo;indices, accumulation de faits, analyses m\u00e9thodiques.<\/p>\n<!-- \/wp:paragraph -->\n\n<!-- wp:paragraph {\"fontSize\":\"medium\"} -->\n<p class=\"has-medium-font-size\">En 1851, le procureur g\u00e9n\u00e9ral Drummond lui offre un poste unique :&nbsp;chef du premier bureau des d\u00e9tectives de Montr\u00e9al. Robinson peut enfin constituer son \u00e9quipe et appliquer ses m\u00e9thodes sans compromis.<\/p>\n<!-- \/wp:paragraph -->\n\n<!-- wp:paragraph {\"fontSize\":\"medium\"} -->\n<p class=\"has-medium-font-size\">C&rsquo;est en 1853, lors de l&rsquo;enqu\u00eate du&nbsp;<em>Carcajou du Mont-Royal<\/em>, qu&rsquo;il rencontre&nbsp;Rosalie Cadrin-Dupuis, veuve avec deux enfants. Il l&rsquo;\u00e9pouse en 1854, trouvant enfin la stabilit\u00e9 familiale qui lui manquait.<\/p>\n<!-- \/wp:paragraph -->\n\n<!-- wp:paragraph {\"fontSize\":\"medium\"} -->\n<p class=\"has-medium-font-size\"><strong>L&rsquo;homme derri\u00e8re le d\u00e9tective<\/strong><\/p>\n<!-- \/wp:paragraph -->\n\n<!-- wp:paragraph {\"fontSize\":\"medium\"} -->\n<p class=\"has-medium-font-size\">Physiquement, Robinson impressionne. Grand, costaud, soign\u00e9 dans sa mise, il porte toujours des vestes sombres et la&nbsp;montre de gousset de son p\u00e8re. Son chapeau melon est devenu sa signature, qu&rsquo;il a m\u00eame impos\u00e9e \u00e0 son \u00e9quipe.<\/p>\n<!-- \/wp:paragraph -->\n\n<!-- wp:paragraph {\"fontSize\":\"medium\"} -->\n<p class=\"has-medium-font-size\">Caract\u00e8re paradoxal : cet ancien londonien&nbsp;d\u00e9teste la pluie. Homme taciturne, il se livre peu, m\u00eame \u00e0 son \u00e9pouse qui se plaint parfois de sa r\u00e9serve. Il rit rarement, mais une lueur ironique dans ses yeux bruns trahit parfois son humour.<\/p>\n<!-- \/wp:paragraph -->\n\n<!-- wp:paragraph {\"fontSize\":\"medium\"} -->\n<p class=\"has-medium-font-size\">En interrogatoire, son<strong>&nbsp;<\/strong>regard inquisiteur&nbsp;d\u00e9stabilise les suspects. Mais ses collaborateurs l&rsquo;appr\u00e9cient pour son empathie et son organisation. Robinson est exigeant, mais juste.<\/p>\n<!-- \/wp:paragraph -->\n\n<!-- wp:paragraph {\"fontSize\":\"medium\"} -->\n<p class=\"has-medium-font-size\"><strong>L&rsquo;enqu\u00eateur moderne<\/strong><\/p>\n<!-- \/wp:paragraph -->\n\n<!-- wp:paragraph {\"fontSize\":\"medium\"} -->\n<p class=\"has-medium-font-size\">Ce qui distingue Robinson, c&rsquo;est sa capacit\u00e9 \u00e0 voir au-del\u00e0 des apparences. Parlant\u00a0anglais, fran\u00e7ais et ga\u00e9lique, anglican ayant mari\u00e9 une catholique, il navigue facilement entre les diff\u00e9rentes communaut\u00e9s de Montr\u00e9al, Qu\u00e9bec et Ottawa.<\/p>\n<!-- \/wp:paragraph -->\n\n<!-- wp:paragraph {\"fontSize\":\"medium\"} -->\n<p class=\"has-medium-font-size\">Ses enqu\u00eates, de 1849 \u00e0 1868, l&rsquo;ont men\u00e9 des&nbsp;<em>Crimes du manoir Debartzch<\/em>&nbsp;\u00e0 l&rsquo;<em>Assassinat dans la rue Sparks<\/em>. Chaque affaire r\u00e9v\u00e8le un pan de l&rsquo;histoire canadienne en construction, et Robinson s&rsquo;y d\u00e9place comme un t\u00e9moin privil\u00e9gi\u00e9 de son \u00e9poque.<\/p>\n<!-- \/wp:paragraph -->\n\n<!-- wp:paragraph {\"fontSize\":\"medium\"} -->\n<p class=\"has-medium-font-size\">En 1865, sa belle-fille&nbsp;Th\u00e9r\u00e8se (dite Miss Dupuis) rejoint l&rsquo;\u00e9quipe, apportant un regard neuf et une \u00e9nergie qui compl\u00e8te parfaitement la rigueur de Robinson. Ensemble, ils forment un duo redoutable.<\/p>\n<!-- \/wp:paragraph -->","protected":false},"excerpt":{"rendered":"<p>Imaginez un homme de&nbsp;1m85, imposant sans \u00eatre intimidant, qui arpente les rues de Montr\u00e9al au milieu du XIXe si\u00e8cle avec son \u00e9ternel&nbsp;chapeau melon&nbsp;et sa moustache en guidon de v\u00e9lo soigneusement cir\u00e9e. Silas Robinson n&rsquo;est pas un d\u00e9tective ordinaire. Premier chef du bureau des d\u00e9tectives de Montr\u00e9al, il applique des m\u00e9thodes \u00e9tonnamment modernes dans un monde &#8230; <a title=\"Qui est Silas\" class=\"read-more\" href=\"https:\/\/marcelviau.net\/?page_id=2553\" aria-label=\"En savoir plus sur Qui est Silas\">Lire la suite<\/a><\/p>\n","protected":false},"author":1,"featured_media":0,"parent":0,"menu_order":0,"comment_status":"closed","ping_status":"closed","template":"","meta":{"footnotes":""},"class_list":["post-2553","page","type-page","status-publish"],"yoast_head":"<!-- This site is optimized with the Yoast SEO plugin v27.4 - https:\/\/yoast.com\/product\/yoast-seo-wordpress\/ -->\n<title>Qui est Silas - Les Enqu\u00eates de Silas Robinson<\/title>\n<meta name=\"robots\" content=\"index, follow, max-snippet:-1, max-image-preview:large, max-video-preview:-1\" \/>\n<link rel=\"canonical\" href=\"https:\/\/marcelviau.net\/?page_id=2553\" \/>\n<meta property=\"og:locale\" content=\"fr_FR\" \/>\n<meta property=\"og:type\" content=\"article\" \/>\n<meta property=\"og:title\" content=\"Qui est Silas - Les Enqu\u00eates de Silas Robinson\" \/>\n<meta property=\"og:description\" content=\"Imaginez un homme de&nbsp;1m85, imposant sans \u00eatre intimidant, qui arpente les rues de Montr\u00e9al au milieu du XIXe si\u00e8cle avec son \u00e9ternel&nbsp;chapeau melon&nbsp;et sa moustache en guidon de v\u00e9lo soigneusement cir\u00e9e. Silas Robinson n&rsquo;est pas un d\u00e9tective ordinaire. Premier chef du bureau des d\u00e9tectives de Montr\u00e9al, il applique des m\u00e9thodes \u00e9tonnamment modernes dans un monde ... Lire la suite\" \/>\n<meta property=\"og:url\" content=\"https:\/\/marcelviau.net\/?page_id=2553\" \/>\n<meta property=\"og:site_name\" content=\"Les Enqu\u00eates de Silas Robinson\" \/>\n<meta property=\"article:modified_time\" content=\"2025-07-13T12:03:40+00:00\" \/>\n<meta property=\"og:image\" content=\"https:\/\/marcelviau.net\/wp-content\/uploads\/2024\/03\/portrait_silas4-757x1024-2.jpg\" \/>\n<meta name=\"twitter:card\" content=\"summary_large_image\" \/>\n<meta name=\"twitter:label1\" content=\"Dur\u00e9e de lecture estim\u00e9e\" \/>\n\t<meta name=\"twitter:data1\" content=\"3 minutes\" \/>\n<script type=\"application\/ld+json\" class=\"yoast-schema-graph\">{\"@context\":\"https:\\\/\\\/schema.org\",\"@graph\":[{\"@type\":\"WebPage\",\"@id\":\"https:\\\/\\\/marcelviau.net\\\/?page_id=2553\",\"url\":\"https:\\\/\\\/marcelviau.net\\\/?page_id=2553\",\"name\":\"Qui est Silas - Les Enqu\u00eates de Silas Robinson\",\"isPartOf\":{\"@id\":\"https:\\\/\\\/marcelviau.net\\\/#website\"},\"primaryImageOfPage\":{\"@id\":\"https:\\\/\\\/marcelviau.net\\\/?page_id=2553#primaryimage\"},\"image\":{\"@id\":\"https:\\\/\\\/marcelviau.net\\\/?page_id=2553#primaryimage\"},\"thumbnailUrl\":\"https:\\\/\\\/marcelviau.net\\\/wp-content\\\/uploads\\\/2024\\\/03\\\/portrait_silas4-757x1024-2.jpg\",\"datePublished\":\"2025-07-09T13:05:01+00:00\",\"dateModified\":\"2025-07-13T12:03:40+00:00\",\"breadcrumb\":{\"@id\":\"https:\\\/\\\/marcelviau.net\\\/?page_id=2553#breadcrumb\"},\"inLanguage\":\"fr-FR\",\"potentialAction\":[{\"@type\":\"ReadAction\",\"target\":[\"https:\\\/\\\/marcelviau.net\\\/?page_id=2553\"]}]},{\"@type\":\"ImageObject\",\"inLanguage\":\"fr-FR\",\"@id\":\"https:\\\/\\\/marcelviau.net\\\/?page_id=2553#primaryimage\",\"url\":\"https:\\\/\\\/marcelviau.net\\\/wp-content\\\/uploads\\\/2024\\\/03\\\/portrait_silas4-757x1024-2.jpg\",\"contentUrl\":\"https:\\\/\\\/marcelviau.net\\\/wp-content\\\/uploads\\\/2024\\\/03\\\/portrait_silas4-757x1024-2.jpg\",\"width\":757,\"height\":1024},{\"@type\":\"BreadcrumbList\",\"@id\":\"https:\\\/\\\/marcelviau.net\\\/?page_id=2553#breadcrumb\",\"itemListElement\":[{\"@type\":\"ListItem\",\"position\":1,\"name\":\"Accueil\",\"item\":\"https:\\\/\\\/marcelviau.net\\\/\"},{\"@type\":\"ListItem\",\"position\":2,\"name\":\"Qui est Silas\"}]},{\"@type\":\"WebSite\",\"@id\":\"https:\\\/\\\/marcelviau.net\\\/#website\",\"url\":\"https:\\\/\\\/marcelviau.net\\\/\",\"name\":\"Les Enqu\u00eates de Silas Robinson\",\"description\":\"Romans policiers historiques par Marcel Viau\",\"publisher\":{\"@id\":\"https:\\\/\\\/marcelviau.net\\\/#\\\/schema\\\/person\\\/1606b12bb3273c47bb44adc6fbb4de84\"},\"potentialAction\":[{\"@type\":\"SearchAction\",\"target\":{\"@type\":\"EntryPoint\",\"urlTemplate\":\"https:\\\/\\\/marcelviau.net\\\/?s={search_term_string}\"},\"query-input\":{\"@type\":\"PropertyValueSpecification\",\"valueRequired\":true,\"valueName\":\"search_term_string\"}}],\"inLanguage\":\"fr-FR\"},{\"@type\":[\"Person\",\"Organization\"],\"@id\":\"https:\\\/\\\/marcelviau.net\\\/#\\\/schema\\\/person\\\/1606b12bb3273c47bb44adc6fbb4de84\",\"name\":\"Marcel Viau\",\"image\":{\"@type\":\"ImageObject\",\"inLanguage\":\"fr-FR\",\"@id\":\"https:\\\/\\\/marcelviau.net\\\/wp-content\\\/uploads\\\/2025\\\/07\\\/Viau-2025-scaled.jpg\",\"url\":\"https:\\\/\\\/marcelviau.net\\\/wp-content\\\/uploads\\\/2025\\\/07\\\/Viau-2025-scaled.jpg\",\"contentUrl\":\"https:\\\/\\\/marcelviau.net\\\/wp-content\\\/uploads\\\/2025\\\/07\\\/Viau-2025-scaled.jpg\",\"width\":1920,\"height\":2560,\"caption\":\"Marcel Viau\"},\"logo\":{\"@id\":\"https:\\\/\\\/marcelviau.net\\\/wp-content\\\/uploads\\\/2025\\\/07\\\/Viau-2025-scaled.jpg\"},\"sameAs\":[\"https:\\\/\\\/marcelviau.net\"]}]}<\/script>\n<!-- \/ Yoast SEO plugin. -->","yoast_head_json":{"title":"Qui est Silas - Les Enqu\u00eates de Silas Robinson","robots":{"index":"index","follow":"follow","max-snippet":"max-snippet:-1","max-image-preview":"max-image-preview:large","max-video-preview":"max-video-preview:-1"},"canonical":"https:\/\/marcelviau.net\/?page_id=2553","og_locale":"fr_FR","og_type":"article","og_title":"Qui est Silas - Les Enqu\u00eates de Silas Robinson","og_description":"Imaginez un homme de&nbsp;1m85, imposant sans \u00eatre intimidant, qui arpente les rues de Montr\u00e9al au milieu du XIXe si\u00e8cle avec son \u00e9ternel&nbsp;chapeau melon&nbsp;et sa moustache en guidon de v\u00e9lo soigneusement cir\u00e9e. Silas Robinson n&rsquo;est pas un d\u00e9tective ordinaire. Premier chef du bureau des d\u00e9tectives de Montr\u00e9al, il applique des m\u00e9thodes \u00e9tonnamment modernes dans un monde ... Lire la suite","og_url":"https:\/\/marcelviau.net\/?page_id=2553","og_site_name":"Les Enqu\u00eates de Silas Robinson","article_modified_time":"2025-07-13T12:03:40+00:00","og_image":[{"url":"https:\/\/marcelviau.net\/wp-content\/uploads\/2024\/03\/portrait_silas4-757x1024-2.jpg","type":"","width":"","height":""}],"twitter_card":"summary_large_image","twitter_misc":{"Dur\u00e9e de lecture estim\u00e9e":"3 minutes"},"schema":{"@context":"https:\/\/schema.org","@graph":[{"@type":"WebPage","@id":"https:\/\/marcelviau.net\/?page_id=2553","url":"https:\/\/marcelviau.net\/?page_id=2553","name":"Qui est Silas - Les Enqu\u00eates de Silas Robinson","isPartOf":{"@id":"https:\/\/marcelviau.net\/#website"},"primaryImageOfPage":{"@id":"https:\/\/marcelviau.net\/?page_id=2553#primaryimage"},"image":{"@id":"https:\/\/marcelviau.net\/?page_id=2553#primaryimage"},"thumbnailUrl":"https:\/\/marcelviau.net\/wp-content\/uploads\/2024\/03\/portrait_silas4-757x1024-2.jpg","datePublished":"2025-07-09T13:05:01+00:00","dateModified":"2025-07-13T12:03:40+00:00","breadcrumb":{"@id":"https:\/\/marcelviau.net\/?page_id=2553#breadcrumb"},"inLanguage":"fr-FR","potentialAction":[{"@type":"ReadAction","target":["https:\/\/marcelviau.net\/?page_id=2553"]}]},{"@type":"ImageObject","inLanguage":"fr-FR","@id":"https:\/\/marcelviau.net\/?page_id=2553#primaryimage","url":"https:\/\/marcelviau.net\/wp-content\/uploads\/2024\/03\/portrait_silas4-757x1024-2.jpg","contentUrl":"https:\/\/marcelviau.net\/wp-content\/uploads\/2024\/03\/portrait_silas4-757x1024-2.jpg","width":757,"height":1024},{"@type":"BreadcrumbList","@id":"https:\/\/marcelviau.net\/?page_id=2553#breadcrumb","itemListElement":[{"@type":"ListItem","position":1,"name":"Accueil","item":"https:\/\/marcelviau.net\/"},{"@type":"ListItem","position":2,"name":"Qui est Silas"}]},{"@type":"WebSite","@id":"https:\/\/marcelviau.net\/#website","url":"https:\/\/marcelviau.net\/","name":"Les Enqu\u00eates de Silas Robinson","description":"Romans policiers historiques par Marcel Viau","publisher":{"@id":"https:\/\/marcelviau.net\/#\/schema\/person\/1606b12bb3273c47bb44adc6fbb4de84"},"potentialAction":[{"@type":"SearchAction","target":{"@type":"EntryPoint","urlTemplate":"https:\/\/marcelviau.net\/?s={search_term_string}"},"query-input":{"@type":"PropertyValueSpecification","valueRequired":true,"valueName":"search_term_string"}}],"inLanguage":"fr-FR"},{"@type":["Person","Organization"],"@id":"https:\/\/marcelviau.net\/#\/schema\/person\/1606b12bb3273c47bb44adc6fbb4de84","name":"Marcel Viau","image":{"@type":"ImageObject","inLanguage":"fr-FR","@id":"https:\/\/marcelviau.net\/wp-content\/uploads\/2025\/07\/Viau-2025-scaled.jpg","url":"https:\/\/marcelviau.net\/wp-content\/uploads\/2025\/07\/Viau-2025-scaled.jpg","contentUrl":"https:\/\/marcelviau.net\/wp-content\/uploads\/2025\/07\/Viau-2025-scaled.jpg","width":1920,"height":2560,"caption":"Marcel Viau"},"logo":{"@id":"https:\/\/marcelviau.net\/wp-content\/uploads\/2025\/07\/Viau-2025-scaled.jpg"},"sameAs":["https:\/\/marcelviau.net"]}]}},"jetpack-related-posts":[{"id":4,"url":"https:\/\/marcelviau.net\/?page_id=4","url_meta":{"origin":2553,"position":0},"title":"Qui est Silas Robinson?","author":"Marcel Viau","date":"3 ao\u00fbt 2020","format":false,"excerpt":"Portrait de Silas Robinson Silas Robinson s\u2019expatrie au Canada en 1844 en provenance de Londres o\u00f9 il fut policier \u00e0 la c\u00e9l\u00e8bre\u00a0London Metropolitan Police\u00a0(Scotland Yard). Il ouvre un bureau de d\u00e9tective priv\u00e9 \u00e0 Montr\u00e9al et se fait remarquer par ses succ\u00e8s. En 1851, on lui demande de cr\u00e9er\u00a0un nouveau poste\u2026","rel":"","context":"Article similaire","block_context":{"text":"Article similaire","link":""},"img":{"alt_text":"Portrait de Silas Robinson","src":"https:\/\/i0.wp.com\/marcelviau.net\/wp-content\/uploads\/2020\/10\/portrait_silas4.jpg?resize=350%2C200&ssl=1","width":350,"height":200,"srcset":"https:\/\/i0.wp.com\/marcelviau.net\/wp-content\/uploads\/2020\/10\/portrait_silas4.jpg?resize=350%2C200&ssl=1 1x, https:\/\/i0.wp.com\/marcelviau.net\/wp-content\/uploads\/2020\/10\/portrait_silas4.jpg?resize=525%2C300&ssl=1 1.5x, https:\/\/i0.wp.com\/marcelviau.net\/wp-content\/uploads\/2020\/10\/portrait_silas4.jpg?resize=700%2C400&ssl=1 2x, https:\/\/i0.wp.com\/marcelviau.net\/wp-content\/uploads\/2020\/10\/portrait_silas4.jpg?resize=1050%2C600&ssl=1 3x, https:\/\/i0.wp.com\/marcelviau.net\/wp-content\/uploads\/2020\/10\/portrait_silas4.jpg?resize=1400%2C800&ssl=1 4x"},"classes":[]},{"id":1019,"url":"https:\/\/marcelviau.net\/?page_id=1019","url_meta":{"origin":2553,"position":1},"title":"Pr\u00e9sentation","author":"Marcel Viau","date":"26 ao\u00fbt 2022","format":false,"excerpt":"Quand le Canada se construisait dans le sang et les secrets... Les enqu\u00eates de Silas Robinson Silas Robinson, d\u00e9tective au XIXe si\u00e8cle \u00e0 Montr\u00e9al Polars historiques captivants. Silas Robinson devient le premier chef des d\u00e9tectives \u00e0 Montr\u00e9al en 1851. Ancien de Scotland Yard, cet homme aust\u00e8re et m\u00e9thodique va d\u00e9m\u00ealer\u2026","rel":"","context":"Article similaire","block_context":{"text":"Article similaire","link":""},"img":{"alt_text":"","src":"","width":0,"height":0},"classes":[]},{"id":2506,"url":"https:\/\/marcelviau.net\/?page_id=2506","url_meta":{"origin":2553,"position":2},"title":"Les enqu\u00eates de Silas (test)","author":"Marcel Viau","date":"12 juillet 2025","format":false,"excerpt":"Les Enqu\u00eates de Silas Robinson Collection compl\u00e8te des myst\u00e8res et aventures du d\u00e9tective priv\u00e9 Tome 1(2020) Les crimes du manoir Debartzch Dans ce premier volume, Silas Robinson intervient comme d\u00e9tective priv\u00e9 dans le village de Saint-Charles-sur-le-Richelieu, \u00e0 la demande du chef de police de Montr\u00e9al. Une affaire \u00e9trange qui met\u2026","rel":"","context":"Article similaire","block_context":{"text":"Article similaire","link":""},"img":{"alt_text":"","src":"","width":0,"height":0},"classes":[]},{"id":1975,"url":"https:\/\/marcelviau.net\/?page_id=1975","url_meta":{"origin":2553,"position":3},"title":"Dossier de presse","author":"Marcel Viau","date":"22 septembre 2024","format":false,"excerpt":"LA SIXI\u00c8ME ENQU\u00caTE DE SILAS ROBINSON La terrasse Durham \u00e0 Qu\u00e9bec Dans sa derni\u00e8re enqu\u00eate, on retrouve Silas Robinson, le chef des d\u00e9tectives de la ville de Montr\u00e9al. Il est venu \u00e0 Qu\u00e9bec pour enqu\u00eater sur la mort de l\u2019\u00e9pouse de son coll\u00e8gue Patrick O\u2019Connell, lui-m\u00eame d\u00e9tective \u00e0 la ville\u2026","rel":"","context":"Article similaire","block_context":{"text":"Article similaire","link":""},"img":{"alt_text":"","src":"https:\/\/i0.wp.com\/marcelviau.net\/wp-content\/uploads\/2024\/09\/Chap-6-Terrasse-Durham-1860.jpg?resize=350%2C200&ssl=1","width":350,"height":200,"srcset":"https:\/\/i0.wp.com\/marcelviau.net\/wp-content\/uploads\/2024\/09\/Chap-6-Terrasse-Durham-1860.jpg?resize=350%2C200&ssl=1 1x, https:\/\/i0.wp.com\/marcelviau.net\/wp-content\/uploads\/2024\/09\/Chap-6-Terrasse-Durham-1860.jpg?resize=525%2C300&ssl=1 1.5x, https:\/\/i0.wp.com\/marcelviau.net\/wp-content\/uploads\/2024\/09\/Chap-6-Terrasse-Durham-1860.jpg?resize=700%2C400&ssl=1 2x"},"classes":[]},{"id":2790,"url":"https:\/\/marcelviau.net\/?page_id=2790","url_meta":{"origin":2553,"position":4},"title":"Les enqu\u00eates de Silas (2)","author":"Marcel Viau","date":"13 juillet 2025","format":false,"excerpt":"Les Enqu\u00eates de Silas Robinson Collection compl\u00e8te de ses myst\u00e8res et aventures Les crimes du manoir Debartzch (2020) Dans ce premier volume, Silas Robinson intervient comme d\u00e9tective priv\u00e9 dans le village de Saint-Charles-sur-le-Richelieu, \u00e0 la demande du chef de police de Montr\u00e9al. Une affaire \u00e9trange qui met en lumi\u00e8re les\u2026","rel":"","context":"Article similaire","block_context":{"text":"Article similaire","link":""},"img":{"alt_text":"","src":"","width":0,"height":0},"classes":[]},{"id":2200,"url":"https:\/\/marcelviau.net\/?page_id=2200","url_meta":{"origin":2553,"position":5},"title":"Dossier 2025: Enqu\u00eates de Silas Robinson","author":"Marcel Viau","date":"14 juin 2025","format":false,"excerpt":"DOSSIER DE PR\u00c9SENTATION Titre de la s\u00e9rie\u00a0: Les enqu\u00eates de Silas Robinson Auteur\u00a0: Marcel Viau\u00a0 Format\u00a0: Romans policiers historiques Nombre de volumes\u00a0: 8 romans complets (auto\u00e9dit\u00e9s) PR\u00c9SENTATION G\u00c9N\u00c9RALE Les enqu\u00eates de Silas Robinson forment une s\u00e9rie de romans policiers historiques situ\u00e9s au Canada dans la deuxi\u00e8me moiti\u00e9 du XIXe si\u00e8cle.\u2026","rel":"","context":"Article similaire","block_context":{"text":"Article similaire","link":""},"img":{"alt_text":"","src":"","width":0,"height":0},"classes":[]}],"jetpack_sharing_enabled":true,"_links":{"self":[{"href":"https:\/\/marcelviau.net\/index.php?rest_route=\/wp\/v2\/pages\/2553","targetHints":{"allow":["GET"]}}],"collection":[{"href":"https:\/\/marcelviau.net\/index.php?rest_route=\/wp\/v2\/pages"}],"about":[{"href":"https:\/\/marcelviau.net\/index.php?rest_route=\/wp\/v2\/types\/page"}],"author":[{"embeddable":true,"href":"https:\/\/marcelviau.net\/index.php?rest_route=\/wp\/v2\/users\/1"}],"replies":[{"embeddable":true,"href":"https:\/\/marcelviau.net\/index.php?rest_route=%2Fwp%2Fv2%2Fcomments&post=2553"}],"version-history":[{"count":12,"href":"https:\/\/marcelviau.net\/index.php?rest_route=\/wp\/v2\/pages\/2553\/revisions"}],"predecessor-version":[{"id":2789,"href":"https:\/\/marcelviau.net\/index.php?rest_route=\/wp\/v2\/pages\/2553\/revisions\/2789"}],"wp:attachment":[{"href":"https:\/\/marcelviau.net\/index.php?rest_route=%2Fwp%2Fv2%2Fmedia&parent=2553"}],"curies":[{"name":"wp","href":"https:\/\/api.w.org\/{rel}","templated":true}]}}